{"id":1136,"date":"2024-03-21T23:59:56","date_gmt":"2024-03-21T23:59:56","guid":{"rendered":"https:\/\/collegedetaaone.pf\/?page_id=1136"},"modified":"2024-09-07T23:33:19","modified_gmt":"2024-09-08T09:33:19","slug":"presentation-du-college","status":"publish","type":"page","link":"https:\/\/collegedetaaone.pf\/?page_id=1136","title":{"rendered":"Pr\u00e9sentation du coll\u00e8ge"},"content":{"rendered":"\n<p>Le coll\u00e8ge Taaone est situ\u00e9 dans la commune de Pirae, dans l&rsquo;enceinte du lyc\u00e9e du Diad\u00e8me duquel il reste toutefois ind\u00e9pendant.<\/p>\n\n\n\n<p>Il propose aux \u00e9l\u00e8ves une offre large d&rsquo;options ou de parcours, \u00e0 consulter sur la <a href=\"https:\/\/collegedetaaone.pf\/?page_id=1138\" data-type=\"page\" data-id=\"1138\" target=\"_blank\" rel=\"noreferrer noopener\"><strong>page d\u00e9di\u00e9e<\/strong><\/a>.<\/p>\n\n\n\n<p><strong>La structure p\u00e9dagogique <\/strong>\u00e0 la rentr\u00e9e 2024 est \u00e9tablie sur 23 classes :<\/p>\n\n\n\n<ul class=\"wp-block-list\">\n<li>5 classes de 6e<\/li>\n\n\n\n<li>5 classes de 5e<\/li>\n\n\n\n<li>6 classes de 4e<\/li>\n\n\n\n<li>7 classes de 3e dont la 3e pr\u00e9pa-m\u00e9tiers<\/li>\n\n\n\n<li>1 dispositif ULIS<\/li>\n<\/ul>\n\n\n\n<p><strong>Les personnels<\/strong> \u00e0 la rentr\u00e9e 2024 sont au nombre de 71 :<\/p>\n\n\n\n<ul class=\"wp-block-list\">\n<li>42 enseignants :\n<ul class=\"wp-block-list\">\n<li>4 professeurs d&rsquo;anglais,<\/li>\n\n\n\n<li>2 professeurs d&rsquo;arts plastiques<\/li>\n\n\n\n<li>1 professeur documentaliste<\/li>\n\n\n\n<li>1 professeur de chinois<\/li>\n\n\n\n<li>5 professeurs d&rsquo;EPS<\/li>\n\n\n\n<li>2 professeurs d&rsquo;\u00e9ducation musicale<\/li>\n\n\n\n<li>2 professeurs d&rsquo;espagnol<\/li>\n\n\n\n<li>4 professeurs d&rsquo;histoire-g\u00e9ographie-EMC<\/li>\n\n\n\n<li>6 professeurs de fran\u00e7ais et latin<\/li>\n\n\n\n<li>5 professeurs de math\u00e9matiques<\/li>\n\n\n\n<li>3 professeurs de sciences physiques<\/li>\n\n\n\n<li>2 professeurs de SVT<\/li>\n\n\n\n<li>2 professeurs de tahitien<\/li>\n\n\n\n<li>2 professeurs de technologie<\/li>\n\n\n\n<li>1 professeur coordonnateur ULIS<\/li>\n<\/ul>\n<\/li>\n\n\n\n<li>13 personnels de vie scolaire :\n<ul class=\"wp-block-list\">\n<li>1 CPE<\/li>\n\n\n\n<li>7 adjoints d&rsquo;\u00e9ducation<\/li>\n\n\n\n<li>3 services civiques<\/li>\n\n\n\n<li>1 DEAP<\/li>\n\n\n\n<li>1 CVD<\/li>\n<\/ul>\n<\/li>\n\n\n\n<li>6 agents<\/li>\n\n\n\n<li>3 personnels du domaine sant\u00e9-social :\n<ul class=\"wp-block-list\">\n<li>1 infirmi\u00e8re<\/li>\n\n\n\n<li>1 Psy-EN<\/li>\n\n\n\n<li>1 assistante sociale<\/li>\n<\/ul>\n<\/li>\n\n\n\n<li>4 personnels d&rsquo;accompagnement :\n<ul class=\"wp-block-list\">\n<li>2 AEESH<\/li>\n\n\n\n<li>2 enseignants sp\u00e9cialis\u00e9s<\/li>\n<\/ul>\n<\/li>\n\n\n\n<li>5 personnels au p\u00f4le direction :\n<ul class=\"wp-block-list\">\n<li>2 secr\u00e9taires<\/li>\n\n\n\n<li>1 adjointe-gestionnaire<\/li>\n\n\n\n<li>1 chef d&rsquo;\u00e9tablissement<\/li>\n\n\n\n<li>1 chef d&rsquo;\u00e9tablissement adjoint<\/li>\n<\/ul>\n<\/li>\n<\/ul>\n\n\n\n<p><\/p>\n\n\n\n<p><\/p>\n","protected":false},"excerpt":{"rendered":"<p>Le coll\u00e8ge Taaone est situ\u00e9 dans la commune de Pirae, dans l&rsquo;enceinte du lyc\u00e9e du Diad\u00e8me duquel il reste toutefois ind\u00e9pendant. Il propose aux \u00e9l\u00e8ves une offre large d&rsquo;options ou de parcours, \u00e0 consulter sur la page d\u00e9di\u00e9e. La structure p\u00e9dagogique \u00e0 la rentr\u00e9e 2024 est \u00e9tablie sur 23 classes : 5 classes de 6e &hellip;<\/p>\n","protected":false},"author":1,"featured_media":1204,"parent":1133,"menu_order":0,"comment_status":"closed","ping_status":"closed","template":"","meta":{"iawp_total_views":1355,"footnotes":""},"class_list":["post-1136","page","type-page","status-publish","has-post-thumbnail","hentry"],"_links":{"self":[{"href":"https:\/\/collegedetaaone.pf\/index.php?rest_route=\/wp\/v2\/pages\/1136","targetHints":{"allow":["GET"]}}],"collection":[{"href":"https:\/\/collegedetaaone.pf\/index.php?rest_route=\/wp\/v2\/pages"}],"about":[{"href":"https:\/\/collegedetaaone.pf\/index.php?rest_route=\/wp\/v2\/types\/page"}],"author":[{"embeddable":true,"href":"https:\/\/collegedetaaone.pf\/index.php?rest_route=\/wp\/v2\/users\/1"}],"replies":[{"embeddable":true,"href":"https:\/\/collegedetaaone.pf\/index.php?rest_route=%2Fwp%2Fv2%2Fcomments&post=1136"}],"version-history":[{"count":7,"href":"https:\/\/collegedetaaone.pf\/index.php?rest_route=\/wp\/v2\/pages\/1136\/revisions"}],"predecessor-version":[{"id":1726,"href":"https:\/\/collegedetaaone.pf\/index.php?rest_route=\/wp\/v2\/pages\/1136\/revisions\/1726"}],"up":[{"embeddable":true,"href":"https:\/\/collegedetaaone.pf\/index.php?rest_route=\/wp\/v2\/pages\/1133"}],"wp:featuredmedia":[{"embeddable":true,"href":"https:\/\/collegedetaaone.pf\/index.php?rest_route=\/wp\/v2\/media\/1204"}],"wp:attachment":[{"href":"https:\/\/collegedetaaone.pf\/index.php?rest_route=%2Fwp%2Fv2%2Fmedia&parent=1136"}],"curies":[{"name":"wp","href":"https:\/\/api.w.org\/{rel}","templated":true}]}}